f g and 12?
12
Let i be ((-40)/14)/((-22)/77). Calculate the highest common divisor of i and 65.
5
Let v(b) = 3*b - 2. Suppose 2*h = z - 3*h + 22, -2*h = 2*z - 4. Let t be v(z). Let l be 338/8 + 2/t. Calculate the greatest common divisor of l and 21.
21
Suppose -8*o - 16 = -344. Calculate the highest common factor of 369 and o.
41
Suppose -4*x = -9 - 103. Let j = x + -19. What is the greatest common factor of 3 and j?
3
Suppose -d = -4*d + 261. Suppose y + 31 = d. Let q = y + -11. What is the greatest common divisor of 5 and q?
5
Let k(g) = 54*g**3 + 3*g**2 + 2*g - 3. Let b be k(1). Suppose -4*s + 42 = -s. What is the greatest common divisor of b and s?
14
Let i(d) = d**2 - 8*d + 18. Let j be i(12). Calculate the greatest common divisor of 99 and j.
33
Let x be (-2 + -47 + 2)*-4. Suppose -5*a - i = 3*i - x, 30 = a - 3*i. Calculate the greatest common factor of 12 and a.
12
Let k(n) = -n - 7. Suppose -4*y + 4*o - 50 = y, -9 = y - o. Let x be k(y). Calculate the highest common divisor of x and 21.
7
Let b be (-8)/(-36) - (-194)/18. Let q = 13 - 9. Suppose -102 + 278 = q*o. Calculate the greatest common divisor of o and b.
11
Let a = 28 + 8. What is the greatest common divisor of a and 90?
18
Suppose 37 = 5*r - 18. What is the greatest common divisor of 99 and r?
11
Let s be (-43)/(-2) + 30/(-20). Let c = s + 13. Calculate the highest common factor of c and 3.
3
Let s be 87/7 + (-56)/(-98). Let t be 7*1*(-1 + 2). Let q = s + t. Calculate the highest common divisor of q and 20.
20
Let b(u) = u**3 + 2*u**2 - 3*u - 3. Let x be b(-2). Suppose -x*z = -5*z + 98. Calculate the greatest common divisor of z and 7.
7
Let q = -2 + -2. Let d be (2/q)/(1/(-44)). Let u be (1 + d/(-6))*-9. Calculate the highest common factor of u and 3.
3
Suppose 0 = 3*u + 7 - 13. What is the highest common factor of u and 14?
2
Let y(p) = -8*p - 2. Let h be y(-5). Calculate the greatest common divisor of h and 171.
19
Suppose 5*c - 1 = 4. Suppose 1 = t - c. Suppose 0 = -2*p - 4*a - 6, t*p = -2*p - 3*a + 8. What is the greatest common factor of 20 and p?
5
Let r = 4 - 6. Let i be 4 + (1 - (r - -1)). Let g = -13 + 31. What is the greatest common divisor of g and i?
6
Suppose 3*u + 7 = b, 0*b + 11 = -5*u + 2*b. Let v be 222/3 + 4/2. Let w be -1 + 2 + (v - u). What is the greatest common divisor of w and 32?
16
Suppose 2*k - 19 = 9. Calculate the highest common divisor of 70 and k.
14
Let t(l) = l**3 - 7*l**2 + 6*l + 15. Let p be t(6). Calculate the highest common factor of 9 and p.
3
Let d(v) be the first derivative of 3*v**2/2 - 13*v - 1. Let f be d(11). What is the highest common factor of 4 and f?
4
Let a = -109 - -73. Let s = a + 65. Suppose 5*b - s + 9 = 0. Calculate the greatest common factor of 12 and b.
4
Let o be 2/4 - 175/(-10). Calculate the highest common factor of o and 126.
18
Let v = 42 + -30. Let r(o) = o**3 + 9*o**2 + o + 8. Let f be r(-9). Let y = 7 - f. What is the highest common factor of v and y?
4
Suppose k = -2*u + 4 + 2, -u = k - 8. Calculate the greatest common factor of k and 110.
10
Suppose 2*i + 26 = b - 12, 0 = -5*b - i + 179. Calculate the highest common factor of b and 54.
18
Let l be 3/(6/(-5))*-8. Let g = 83 - -97. What is the greatest common divisor of g and l?
20
Suppose -w + 3*w - 68 = 0. Let o(j) = j - 4. Let k be o(10). Suppose 4*t = 2*r - 38, -4*r + 71 = 3*t - k*t. Calculate the highest common divisor of w and r.
17
Let i be 28/(-3)*3 - -3. Let s be (3 - 273)*10/i. What is the greatest common factor of s and 12?
12
Let f(i) = 3*i + 2 - 10 + 2. Let u be f(5). Calculate the greatest common factor of 6 and u.
3
Suppose 0 = 2*u + 3*y - 20, 33 = 4*u - u + 3*y. Calculate the highest common divisor of 39 and u.
13
Suppose 4*d = -2*r + 89 + 29, -r = -4*d + 109. What is the highest common divisor of d and 7?
7
Suppose -5*p = m + m - 4, -2*p + 2*m + 10 = 0. Suppose -x - 40 = -p*j - 6*x, j = -x + 26. Calculate the highest common divisor of 20 and j.
10
Suppose 12 = -2*i + 3*i. Let o(x) = -x**3 - 6*x**2 + 2*x + 6. Let l be o(-7). Let b = -23 + l. What is the greatest common divisor of b and i?
6
Let n be 1 + 15 - (-8 + 9). Let o = n + 5. Calculate the highest common factor of 5 and o.
5
Let q = -8 - -20. Calculate the highest common factor of 4 and q.
4
Let i be 25/9 + 4/18. Let a be ((-10)/i + 3)*-27. Let p(r) = r**3 - 6*r**2 + 3. Let o be p(6). Calculate the greatest common divisor of o and a.
3
Let z(q) = -5*q**2 + 37*q. Let m be z(7). Suppose -4*i + 5*p + 545 = 136, -5*p + 121 = i. Let a = -71 + i. What is the greatest common divisor of a and m?
7
Suppose -3*v + 4 = -v. Suppose -v*h + 267 = 63. Suppose -5*b + 6*u + h = 2*u, -5*u - 87 = -4*b. Calculate the greatest common divisor of 54 and b.
18
Let n(p) = 3*p - 20. Let w be n(9). What is the greatest common factor of 56 and w?
7
Suppose 0 = n + 3*n - 108. Calculate the greatest common divisor of n and 18.
9
Let z(o) = -o**2 + 9*o. Let x be z(10). Suppose 31 = -4*b - 69. Let s = x - b. What is the highest common divisor of 5 and s?
5
Let k(h) = 2*h**2 - 8*h + 1. Let q be k(10). Suppose -5*y + 33 = -2*y. Calculate the greatest common divisor of y and q.
11
Let o be (-76)/(-6)*(-3)/(-1). Suppose -3*a + 3 = 21. Let j = 25 + a. Calculate the highest common factor of o and j.
19
Let m(b) = 4*b**2 + b - 2. Suppose g = 1 + 1. Let l be m(g). Let a be (-8)/15*-3*15. Calculate the highest common divisor of a and l.
8
Let b = -5 - -11. Let n be 11 - (-3)/b*2. What is the highest common factor of 36 and n?
12
Let z(o) = 2*o**3 - 4*o**2 + 4*o - 2. Let f be z(2). Suppose -16*y + 20 = -6*y. What is the highest common divisor of f and y?
2
Let b(p) = p**3 + 8*p**2 - 10*p - 2. Let a be b(-9). Let k be (-714)/(-105) + 1/5. Calculate the highest common divisor of k and a.
7
Suppose -5*d + 9*d = 180. Let n(h) = h**2 + 3*h. Let p be n(3). Calculate the highest common factor of p and d.
9
Let u = -31 + 45. Let l be (7 + -3)/(4/u). Let m = 1 - -125. What is the greatest common factor of m and l?
14
Let r be 17/(5*4/40) - 4. What is the greatest common factor of r and 24?
6
Suppose 0 = -2*t + 2*f + 2*f + 20, -4*f - 20 = 0. Suppose -2*j - 5*z - 1 = t, j + 3*j = -z + 43. What is the highest common factor of 3 and j?
3
Suppose -4*u + 420 = u - 2*n, 5*u + 4*n = 420. Calculate the greatest common divisor of 12 and u.
12
Let j = 22 - 15. Let u(b) = -b + 8. Let f be u(j). Let m = f - -4. Calculate the greatest common factor of m and 15.
5
Let z = -22 + 22. Let u(c) = -c + 30 + 20 + 2*c. Let d be u(z). What is the greatest common divisor of 10 and d?
10
Let s(d) = 7*d**2 - 4*d - 1. Let v = -14 - -8. Let r = v + 9. Let a be s(r). Calculate the highest common factor of 20 and a.
10
Let f = -11 + 30. Let b = -26 + 45. What is the highest common factor of f and b?
19
Let n(f) = 4*f - 4*f + 0*f - f**2. Let m be n(0). Suppose 4*i - i - 42 = m. Calculate the highest common divisor of 98 and i.
14
Let f be 2534/4*(-108)/(-63). Let q be 3/(f/(-542) - -2). Let h be (-2)/10 + q/(-15). What is the highest common factor of 18 and h?
18
Suppose p - 9 = 4*p. Let z be (-197)/p - 6/(-18). Calculate the highest common factor of 6 and z.
6
Let v = -3 - -1. Let t be (17 - v)*3/3. Calculate the highest common divisor of 152 and t.
19
Suppose 0 = 5*s - 11 - 124. Let f be 615/s - 4/(-18). What is the greatest common factor of 69 and f?
23
Let y be 8/2*(-385)/(-10). Let z(g) = -g**3 + g. Let q be z(1). Suppose -3*t - 50 = -4*r, -18 = -r - 2*t - q*t. Calculate the highest common divisor of y and r.
14
Suppose 0 = i + 2*i - 180. Suppose 2*s + s = i. What is the greatest common divisor of s and 100?
20
Let m = 20 + -5. Suppose 3*f + 5*d = f + 45, 3*f + 5*d = 60. What is the greatest common divisor of m and f?
15
Suppose -4*z + z = 0. Suppose -2*j + 18 + 36 = z. Let r = -9 - -18. What is the greatest common divisor of r and j?
9
Let l = 118 - 106. What is the highest common divisor of l and 36?
12
Suppose 4*b = -16, -4*b = -5*i - b + 27. Let q be 9/(-2 + i - 0). Let y = 8 + -5. Calculate the highest common factor of y and q.
3
Let c(x) = x**3 + 14*x**2 + 10*x - 3. Let h be c(-13). Calculate the highest common factor of h and 6.
6
Let z be 388*3/3 + (-2 - 2). Calculate the greatest common factor of 48 and z.
48
Suppose -3*z - 66 = -3*o, 0 = 2*o + z - 2*z 